{"id":386,"date":"2023-06-06T16:15:56","date_gmt":"2023-06-06T19:15:56","guid":{"rendered":"http:\/\/humanizarh1.hospedagemdesites.ws\/site\/?page_id=386"},"modified":"2025-02-14T08:33:21","modified_gmt":"2025-02-14T11:33:21","slug":"nossos-servicos","status":"publish","type":"page","link":"https:\/\/culturafm94.com.br\/site\/nossos-servicos\/","title":{"rendered":"PROGRAMA\u00c7\u00c3O"},"content":{"rendered":"\t\t<div data-elementor-type=\"wp-page\" data-elementor-id=\"386\" class=\"elementor elementor-386\">\n\t\t\t\t\t\t<div class=\"elementor-inner\">\n\t\t\t\t<div class=\"elementor-section-wrap\">\n\t\t\t\t\t\t\t<div class=\"elementor-element elementor-element-f8c3639 e-con-boxed e-con\" data-id=\"f8c3639\" data-element_type=\"container\" data-settings=\"{&quot;content_width&quot;:&quot;boxed&quot;}\">\n\t\t\t\t\t<div class=\"e-con-inner\">\n\t\t\t\t<div class=\"elementor-element elementor-element-1bba03f elementor-widget elementor-widget-toggle\" data-id=\"1bba03f\" data-element_type=\"widget\" data-widget_type=\"toggle.default\">\n\t\t\t\t<div class=\"elementor-widget-container\">\n\t\t\t\t\t<div class=\"elementor-toggle\" role=\"tablist\">\n\t\t\t\t\t\t\t<div class=\"elementor-toggle-item\">\n\t\t\t\t\t<div id=\"elementor-tab-title-2901\" class=\"elementor-tab-title\" data-tab=\"1\" role=\"tab\" aria-controls=\"elementor-tab-content-2901\" aria-expanded=\"false\">\n\t\t\t\t\t\t\t\t\t\t\t\t<span class=\"elementor-toggle-icon elementor-toggle-icon-left\" aria-hidden=\"true\">\n\t\t\t\t\t\t\t\t\t\t\t\t\t\t\t<span class=\"elementor-toggle-icon-closed\"><i class=\"fas fa-caret-right\"><\/i><\/span>\n\t\t\t\t\t\t\t\t<span class=\"elementor-toggle-icon-opened\"><i class=\"elementor-toggle-icon-opened fas fa-caret-up\"><\/i><\/span>\n\t\t\t\t\t\t\t\t\t\t\t\t\t<\/span>\n\t\t\t\t\t\t\t\t\t\t\t\t<a href=\"\" class=\"elementor-toggle-title\">SEGUNDA \u00c0 SEXTA<\/a>\n\t\t\t\t\t<\/div>\n\n\t\t\t\t\t<div id=\"elementor-tab-content-2901\" class=\"elementor-tab-content elementor-clearfix\" data-tab=\"1\" role=\"tabpanel\" aria-labelledby=\"elementor-tab-title-2901\"><table><tbody><tr><td width=\"142\"><p>Hor\u00e1rio<\/p><\/td><td width=\"142\"><p>Programa<\/p><\/td><td width=\"142\"><p>Apresentador<\/p><\/td><\/tr><tr><td width=\"142\">\u00a0<\/td><td width=\"142\">\u00a0<\/td><td width=\"142\">\u00a0<\/td><\/tr><tr><td width=\"142\"><p>5h<\/p><\/td><td width=\"142\"><p>Bom Dia Sert\u00e3o<\/p><\/td><td width=\"142\"><p>Vanduir de Souza<\/p><\/td><\/tr><tr><td width=\"142\"><p>7h<\/p><\/td><td width=\"142\"><p>Giro Pelos Blogs<\/p><\/td><td width=\"142\"><p>Marcello Patriota<\/p><\/td><\/tr><tr><td width=\"142\"><p>8h<\/p><\/td><td width=\"142\"><p>Grande Manh\u00e3<\/p><\/td><td width=\"142\"><p>Edivanice Gon\u00e7alves<\/p><\/td><\/tr><tr><td width=\"142\"><p>11h<\/p><\/td><td width=\"142\"><p>Jornal a Cultura<\/p><\/td><td width=\"142\"><p>Marcos Lima e Edivanice Patriota<\/p><\/td><\/tr><tr><td width=\"142\"><p>12h30<\/p><\/td><td width=\"142\"><p>Hor\u00e1rio reservado para entrevistas e terceirizados<\/p><\/td><td width=\"142\"><p>A cada dia um programa diferente<\/p><\/td><\/tr><tr><td width=\"142\"><p>13h30<\/p><\/td><td width=\"142\"><p>Tarde na Cultura<\/p><\/td><td width=\"142\"><p>Henrique Villar<\/p><\/td><\/tr><tr><td width=\"142\"><p>17h<\/p><\/td><td width=\"142\"><p>Valeu o Boi, Vaqueiro<\/p><\/td><td width=\"142\"><p>Ademar Augusto (Ademar Locutor)<\/p><\/td><\/tr><tr><td width=\"142\"><p>18h<\/p><\/td><td width=\"142\"><p>Frente a Frente<\/p><\/td><td width=\"142\"><p>Magno Martins<\/p><\/td><\/tr><tr><td width=\"142\"><p>19h<\/p><\/td><td width=\"142\"><p>A Voz do Brasil<\/p><\/td><td width=\"142\"><p>EBC<\/p><\/td><\/tr><tr><td width=\"142\"><p>20h<\/p><\/td><td width=\"142\"><p>Cultura, Amiga da Noite<\/p><\/td><td width=\"142\"><p>\u00a0<\/p><\/td><\/tr><tr><td width=\"142\"><p>23h<\/p><\/td><td width=\"142\"><p>Saudade, Teu Nome \u00e9 M\u00fasica<\/p><\/td><td width=\"142\"><p>\u00a0<\/p><\/td><\/tr><tr><td width=\"142\"><p>0h<\/p><\/td><td width=\"142\"><p>Madrugada na Cultura<\/p><\/td><td width=\"142\"><p>\u00a0<\/p><\/td><\/tr><\/tbody><\/table><\/div>\n\t\t\t\t<\/div>\n\t\t\t\t\t\t\t<div class=\"elementor-toggle-item\">\n\t\t\t\t\t<div id=\"elementor-tab-title-2902\" class=\"elementor-tab-title\" data-tab=\"2\" role=\"tab\" aria-controls=\"elementor-tab-content-2902\" aria-expanded=\"false\">\n\t\t\t\t\t\t\t\t\t\t\t\t<span class=\"elementor-toggle-icon elementor-toggle-icon-left\" aria-hidden=\"true\">\n\t\t\t\t\t\t\t\t\t\t\t\t\t\t\t<span class=\"elementor-toggle-icon-closed\"><i class=\"fas fa-caret-right\"><\/i><\/span>\n\t\t\t\t\t\t\t\t<span class=\"elementor-toggle-icon-opened\"><i class=\"elementor-toggle-icon-opened fas fa-caret-up\"><\/i><\/span>\n\t\t\t\t\t\t\t\t\t\t\t\t\t<\/span>\n\t\t\t\t\t\t\t\t\t\t\t\t<a href=\"\" class=\"elementor-toggle-title\">S\u00c1BADO<\/a>\n\t\t\t\t\t<\/div>\n\n\t\t\t\t\t<div id=\"elementor-tab-content-2902\" class=\"elementor-tab-content elementor-clearfix\" data-tab=\"2\" role=\"tabpanel\" aria-labelledby=\"elementor-tab-title-2902\"><p><strong><em>S\u00e1bado<\/em><\/strong><\/p><table><tbody><tr><td width=\"142\"><p>Hor\u00e1rio<\/p><\/td><td width=\"142\"><p>Programa<\/p><\/td><td width=\"142\"><p>Apresentador<\/p><\/td><td width=\"142\"><p>Observa\u00e7\u00f5es<\/p><\/td><\/tr><tr><td width=\"142\">\u00a0<\/td><td width=\"142\">\u00a0<\/td><td width=\"142\">\u00a0<\/td><td width=\"142\">\u00a0<\/td><\/tr><tr><td width=\"142\"><p>6h<\/p><\/td><td width=\"142\"><p>Luiz Gonzaga Especial<\/p><\/td><td width=\"142\"><p>Gravado<\/p><\/td><td width=\"142\">\u00a0<\/td><\/tr><tr><td width=\"142\"><p>7h<\/p><\/td><td width=\"142\"><p>Culturarte<\/p><\/td><td width=\"142\"><p>Poetas e Repentistas<\/p><\/td><td width=\"142\"><p>Cantoria e Repente<\/p><\/td><\/tr><tr><td width=\"142\"><p>8h<\/p><\/td><td width=\"142\"><p>De M\u00e3os Dadas com o Povo<\/p><\/td><td width=\"142\"><p>Fabr\u00edcio Ferreira<\/p><\/td><td width=\"142\"><p>Programa da Prefeitura de S\u00e3o Jos\u00e9 do Egito<\/p><\/td><\/tr><tr><td width=\"142\"><p>9h<\/p><\/td><td width=\"142\"><p>Revista da Manh\u00e3<\/p><\/td><td width=\"142\"><p>Edivanice Gon\u00e7alves<\/p><\/td><td width=\"142\">\u00a0<\/td><\/tr><tr><td width=\"142\"><p>10h<\/p><\/td><td width=\"142\"><p>Institucional<\/p><\/td><td width=\"142\"><p>Gravado<\/p><\/td><td width=\"142\">\u00a0<\/td><\/tr><tr><td width=\"142\"><p>11h<\/p><\/td><td width=\"142\"><p>Institucional<\/p><\/td><td width=\"142\"><p>Gravado<\/p><\/td><td width=\"142\">\u00a0<\/td><\/tr><tr><td width=\"142\"><p>12h<\/p><\/td><td width=\"142\"><p>Show do Esporte<\/p><\/td><td width=\"142\"><p>Andr\u00e9 Moraes<\/p><\/td><td width=\"142\">\u00a0<\/td><\/tr><tr><td width=\"142\"><p>13h<\/p><\/td><td width=\"142\"><p>Super Tarde<\/p><\/td><td width=\"142\"><p>Henrique Vilar<\/p><\/td><td width=\"142\">\u00a0<\/td><\/tr><tr><td width=\"142\"><p>17h<\/p><\/td><td width=\"142\"><p>Mistura Fina<\/p><\/td><td width=\"142\"><p>Gravado<\/p><\/td><td width=\"142\">\u00a0<\/td><\/tr><tr><td width=\"142\"><p>19h<\/p><\/td><td width=\"142\"><p>Cultura Amiga da Noite<\/p><\/td><td width=\"142\"><p>Gravado<\/p><\/td><td width=\"142\">\u00a0<\/td><\/tr><tr><td width=\"142\"><p>22h<\/p><\/td><td width=\"142\"><p>Saudade, Teu Nome \u00e9 M\u00fasica<\/p><\/td><td width=\"142\"><p>Gravado<\/p><\/td><td width=\"142\">\u00a0<\/td><\/tr><tr><td width=\"142\"><p>0h<\/p><\/td><td width=\"142\"><p>Madrugada na Cultura<\/p><\/td><td width=\"142\"><p>Gravado<\/p><\/td><td width=\"142\">\u00a0<\/td><\/tr><\/tbody><\/table><\/div>\n\t\t\t\t<\/div>\n\t\t\t\t\t\t\t<div class=\"elementor-toggle-item\">\n\t\t\t\t\t<div id=\"elementor-tab-title-2903\" class=\"elementor-tab-title\" data-tab=\"3\" role=\"tab\" aria-controls=\"elementor-tab-content-2903\" aria-expanded=\"false\">\n\t\t\t\t\t\t\t\t\t\t\t\t<span class=\"elementor-toggle-icon elementor-toggle-icon-left\" aria-hidden=\"true\">\n\t\t\t\t\t\t\t\t\t\t\t\t\t\t\t<span class=\"elementor-toggle-icon-closed\"><i class=\"fas fa-caret-right\"><\/i><\/span>\n\t\t\t\t\t\t\t\t<span class=\"elementor-toggle-icon-opened\"><i class=\"elementor-toggle-icon-opened fas fa-caret-up\"><\/i><\/span>\n\t\t\t\t\t\t\t\t\t\t\t\t\t<\/span>\n\t\t\t\t\t\t\t\t\t\t\t\t<a href=\"\" class=\"elementor-toggle-title\">DOMINGO<\/a>\n\t\t\t\t\t<\/div>\n\n\t\t\t\t\t<div id=\"elementor-tab-content-2903\" class=\"elementor-tab-content elementor-clearfix\" data-tab=\"3\" role=\"tabpanel\" aria-labelledby=\"elementor-tab-title-2903\"><table><tbody><tr><td width=\"142\"><p>Hor\u00e1rio<\/p><\/td><td width=\"138\"><p>Programa<\/p><\/td><td width=\"152\"><p>Apresentador<\/p><\/td><td width=\"136\"><p>Observa\u00e7\u00f5es<\/p><\/td><\/tr><tr><td width=\"142\"><p>\u00a0<\/p><\/td><td width=\"138\"><p>\u00a0<\/p><\/td><td width=\"152\"><p>\u00a0<\/p><\/td><td width=\"136\"><p>\u00a0<\/p><\/td><\/tr><tr><td width=\"142\"><p>6h<\/p><\/td><td width=\"138\"><p>Cultura Saudade<\/p><\/td><td width=\"152\"><p>Airton Alves<\/p><\/td><td width=\"136\"><p>M\u00fasicas dos anos 60, 70, 80 e 90<\/p><\/td><\/tr><tr><td width=\"142\"><p>9h<\/p><\/td><td width=\"138\"><p>Nordestinando<\/p><\/td><td width=\"152\"><p>Gravado<\/p><\/td><td width=\"136\"><p>Ritmos nordestinos<\/p><\/td><\/tr><tr><td width=\"142\"><p>10h<\/p><\/td><td width=\"138\"><p>Diga L\u00e1 Poeta<\/p><\/td><td width=\"152\"><p>F\u00e1bio Renato e Ruann Jorge<\/p><\/td><td width=\"136\"><p>Podcast<\/p><\/td><\/tr><tr><td width=\"142\"><p>12h<\/p><\/td><td width=\"138\"><p>Samba e Pagode<\/p><\/td><td width=\"152\"><p>Gravado<\/p><\/td><td width=\"136\"><p>\u00a0<\/p><\/td><\/tr><tr><td width=\"142\"><p>15h<\/p><\/td><td width=\"138\"><p>Domingo Total<\/p><\/td><td width=\"152\"><p>Gravado<\/p><\/td><td width=\"136\"><p>\u00a0<\/p><\/td><\/tr><tr><td width=\"142\"><p>18h<\/p><\/td><td width=\"138\"><p>Cultura Amiga da Noite<\/p><\/td><td width=\"152\"><p>Gravado<\/p><\/td><td width=\"136\"><p>\u00a0<\/p><\/td><\/tr><tr><td width=\"142\"><p>22h<\/p><\/td><td width=\"138\"><p>Saudade, Teu Nome \u00e9 M\u00fasica<\/p><\/td><td width=\"152\"><p>Gravado<\/p><\/td><td width=\"136\"><p>\u00a0<\/p><\/td><\/tr><tr><td width=\"142\"><p>0h<\/p><\/td><td width=\"138\"><p>Madrugada na Cultura<\/p><\/td><td width=\"152\"><p>Gravado<\/p><\/td><td width=\"136\"><p>\u00a0<\/p><\/td><\/tr><\/tbody><\/table><\/div>\n\t\t\t\t<\/div>\n\t\t\t\t\t\t\t\t<\/div>\n\t\t\t\t<\/div>\n\t\t\t\t<\/div>\n\t\t\t\t\t<\/div>\n\t\t\t\t<\/div>\n\t\t\t\t\t\t\t\t\t<\/div>\n\t\t\t<\/div>\n\t\t\t\t\t<\/div>\n\t\t","protected":false},"excerpt":{"rendered":"<p>SEGUNDA \u00c0 SEXTA Hor\u00e1rio Programa Apresentador \u00a0 \u00a0 \u00a0 5h Bom Dia Sert\u00e3o Vanduir de Souza 7h Giro Pelos Blogs Marcello Patriota 8h Grande Manh\u00e3 Edivanice Gon\u00e7alves 11h Jornal a Cultura Marcos Lima e Edivanice Patriota 12h30 Hor\u00e1rio reservado para entrevistas e terceirizados A cada dia um programa diferente 13h30 Tarde na Cultura Henrique Villar [&hellip;]<\/p>\n","protected":false},"author":2,"featured_media":0,"parent":0,"menu_order":0,"comment_status":"closed","ping_status":"closed","template":"","meta":{"footnotes":""},"class_list":["post-386","page","type-page","status-publish","hentry"],"_links":{"self":[{"href":"https:\/\/culturafm94.com.br\/site\/wp-json\/wp\/v2\/pages\/386","targetHints":{"allow":["GET"]}}],"collection":[{"href":"https:\/\/culturafm94.com.br\/site\/wp-json\/wp\/v2\/pages"}],"about":[{"href":"https:\/\/culturafm94.com.br\/site\/wp-json\/wp\/v2\/types\/page"}],"author":[{"embeddable":true,"href":"https:\/\/culturafm94.com.br\/site\/wp-json\/wp\/v2\/users\/2"}],"replies":[{"embeddable":true,"href":"https:\/\/culturafm94.com.br\/site\/wp-json\/wp\/v2\/comments?post=386"}],"version-history":[{"count":43,"href":"https:\/\/culturafm94.com.br\/site\/wp-json\/wp\/v2\/pages\/386\/revisions"}],"predecessor-version":[{"id":2086,"href":"https:\/\/culturafm94.com.br\/site\/wp-json\/wp\/v2\/pages\/386\/revisions\/2086"}],"wp:attachment":[{"href":"https:\/\/culturafm94.com.br\/site\/wp-json\/wp\/v2\/media?parent=386"}],"curies":[{"name":"wp","href":"https:\/\/api.w.org\/{rel}","templated":true}]}}

PROGRAMAÇÃO

<div data-elementor-type="wp-page" data-elementor-id="386" class="elementor elementor-386">
						<div class="elementor-inner">
				<div class="elementor-section-wrap">
							<div class="elementor-element elementor-element-f8c3639 e-con-boxed e-con" data-id="f8c3639" data-element_type="container" data-settings="{&quot;content_width&quot;:&quot;boxed&quot;}">
					<div class="e-con-inner">
				<div class="elementor-element elementor-element-1bba03f elementor-widget elementor-widget-toggle" data-id="1bba03f" data-element_type="widget" data-widget_type="toggle.default">
				<div class="elementor-widget-container">
					<div class="elementor-toggle" role="tablist">
							<div class="elementor-toggle-item">
					<div id="elementor-tab-title-2901" class="elementor-tab-title" data-tab="1" role="tab" aria-controls="elementor-tab-content-2901" aria-expanded="false">
												<span class="elementor-toggle-icon elementor-toggle-icon-left" aria-hidden="true">
															<span class="elementor-toggle-icon-closed"><i class="fas fa-caret-right"></i></span>
								<span class="elementor-toggle-icon-opened"><i class="elementor-toggle-icon-opened fas fa-caret-up"></i></span>
													</span>
												<a href="" class="elementor-toggle-title">SEGUNDA À SEXTA</a>
					</div>

					<div id="elementor-tab-content-2901" class="elementor-tab-content elementor-clearfix" data-tab="1" role="tabpanel" aria-labelledby="elementor-tab-title-2901"><table><tbody><tr><td width="142"><p>Horário</p></td><td width="142"><p>Programa</p></td><td width="142"><p>Apresentador</p></td></tr><tr><td width="142"> </td><td width="142"> </td><td width="142"> </td></tr><tr><td width="142"><p>5h</p></td><td width="142"><p>Bom Dia Sertão</p></td><td width="142"><p>Vanduir de Souza</p></td></tr><tr><td width="142"><p>7h</p></td><td width="142"><p>Giro Pelos Blogs</p></td><td width="142"><p>Marcello Patriota</p></td></tr><tr><td width="142"><p>8h</p></td><td width="142"><p>Grande Manhã</p></td><td width="142"><p>Edivanice Gonçalves</p></td></tr><tr><td width="142"><p>11h</p></td><td width="142"><p>Jornal a Cultura</p></td><td width="142"><p>Marcos Lima e Edivanice Patriota</p></td></tr><tr><td width="142"><p>12h30</p></td><td width="142"><p>Horário reservado para entrevistas e terceirizados</p></td><td width="142"><p>A cada dia um programa diferente</p></td></tr><tr><td width="142"><p>13h30</p></td><td width="142"><p>Tarde na Cultura</p></td><td width="142"><p>Henrique Villar</p></td></tr><tr><td width="142"><p>17h</p></td><td width="142"><p>Valeu o Boi, Vaqueiro</p></td><td width="142"><p>Ademar Augusto (Ademar Locutor)</p></td></tr><tr><td width="142"><p>18h</p></td><td width="142"><p>Frente a Frente</p></td><td width="142"><p>Magno Martins</p></td></tr><tr><td width="142"><p>19h</p></td><td width="142"><p>A Voz do Brasil</p></td><td width="142"><p>EBC</p></td></tr><tr><td width="142"><p>20h</p></td><td width="142"><p>Cultura, Amiga da Noite</p></td><td width="142"><p> </p></td></tr><tr><td width="142"><p>23h</p></td><td width="142"><p>Saudade, Teu Nome é Música</p></td><td width="142"><p> </p></td></tr><tr><td width="142"><p>0h</p></td><td width="142"><p>Madrugada na Cultura</p></td><td width="142"><p> </p></td></tr></tbody></table></div>
				</div>
							<div class="elementor-toggle-item">
					<div id="elementor-tab-title-2902" class="elementor-tab-title" data-tab="2" role="tab" aria-controls="elementor-tab-content-2902" aria-expanded="false">
												<span class="elementor-toggle-icon elementor-toggle-icon-left" aria-hidden="true">
															<span class="elementor-toggle-icon-closed"><i class="fas fa-caret-right"></i></span>
								<span class="elementor-toggle-icon-opened"><i class="elementor-toggle-icon-opened fas fa-caret-up"></i></span>
													</span>
												<a href="" class="elementor-toggle-title">SÁBADO</a>
					</div>

					<div id="elementor-tab-content-2902" class="elementor-tab-content elementor-clearfix" data-tab="2" role="tabpanel" aria-labelledby="elementor-tab-title-2902"><p><strong><em>Sábado</em></strong></p><table><tbody><tr><td width="142"><p>Horário</p></td><td width="142"><p>Programa</p></td><td width="142"><p>Apresentador</p></td><td width="142"><p>Observações</p></td></tr><tr><td width="142"> </td><td width="142"> </td><td width="142"> </td><td width="142"> </td></tr><tr><td width="142"><p>6h</p></td><td width="142"><p>Luiz Gonzaga Especial</p></td><td width="142"><p>Gravado</p></td><td width="142"> </td></tr><tr><td width="142"><p>7h</p></td><td width="142"><p>Culturarte</p></td><td width="142"><p>Poetas e Repentistas</p></td><td width="142"><p>Cantoria e Repente</p></td></tr><tr><td width="142"><p>8h</p></td><td width="142"><p>De Mãos Dadas com o Povo</p></td><td width="142"><p>Fabrício Ferreira</p></td><td width="142"><p>Programa da Prefeitura de São José do Egito</p></td></tr><tr><td width="142"><p>9h</p></td><td width="142"><p>Revista da Manhã</p></td><td width="142"><p>Edivanice Gonçalves</p></td><td width="142"> </td></tr><tr><td width="142"><p>10h</p></td><td width="142"><p>Institucional</p></td><td width="142"><p>Gravado</p></td><td width="142"> </td></tr><tr><td width="142"><p>11h</p></td><td width="142"><p>Institucional</p></td><td width="142"><p>Gravado</p></td><td width="142"> </td></tr><tr><td width="142"><p>12h</p></td><td width="142"><p>Show do Esporte</p></td><td width="142"><p>André Moraes</p></td><td width="142"> </td></tr><tr><td width="142"><p>13h</p></td><td width="142"><p>Super Tarde</p></td><td width="142"><p>Henrique Vilar</p></td><td width="142"> </td></tr><tr><td width="142"><p>17h</p></td><td width="142"><p>Mistura Fina</p></td><td width="142"><p>Gravado</p></td><td width="142"> </td></tr><tr><td width="142"><p>19h</p></td><td width="142"><p>Cultura Amiga da Noite</p></td><td width="142"><p>Gravado</p></td><td width="142"> </td></tr><tr><td width="142"><p>22h</p></td><td width="142"><p>Saudade, Teu Nome é Música</p></td><td width="142"><p>Gravado</p></td><td width="142"> </td></tr><tr><td width="142"><p>0h</p></td><td width="142"><p>Madrugada na Cultura</p></td><td width="142"><p>Gravado</p></td><td width="142"> </td></tr></tbody></table></div>
				</div>
							<div class="elementor-toggle-item">
					<div id="elementor-tab-title-2903" class="elementor-tab-title" data-tab="3" role="tab" aria-controls="elementor-tab-content-2903" aria-expanded="false">
												<span class="elementor-toggle-icon elementor-toggle-icon-left" aria-hidden="true">
															<span class="elementor-toggle-icon-closed"><i class="fas fa-caret-right"></i></span>
								<span class="elementor-toggle-icon-opened"><i class="elementor-toggle-icon-opened fas fa-caret-up"></i></span>
													</span>
												<a href="" class="elementor-toggle-title">DOMINGO</a>
					</div>

					<div id="elementor-tab-content-2903" class="elementor-tab-content elementor-clearfix" data-tab="3" role="tabpanel" aria-labelledby="elementor-tab-title-2903"><table><tbody><tr><td width="142"><p>Horário</p></td><td width="138"><p>Programa</p></td><td width="152"><p>Apresentador</p></td><td width="136"><p>Observações</p></td></tr><tr><td width="142"><p> </p></td><td width="138"><p> </p></td><td width="152"><p> </p></td><td width="136"><p> </p></td></tr><tr><td width="142"><p>6h</p></td><td width="138"><p>Cultura Saudade</p></td><td width="152"><p>Airton Alves</p></td><td width="136"><p>Músicas dos anos 60, 70, 80 e 90</p></td></tr><tr><td width="142"><p>9h</p></td><td width="138"><p>Nordestinando</p></td><td width="152"><p>Gravado</p></td><td width="136"><p>Ritmos nordestinos</p></td></tr><tr><td width="142"><p>10h</p></td><td width="138"><p>Diga Lá Poeta</p></td><td width="152"><p>Fábio Renato e Ruann Jorge</p></td><td width="136"><p>Podcast</p></td></tr><tr><td width="142"><p>12h</p></td><td width="138"><p>Samba e Pagode</p></td><td width="152"><p>Gravado</p></td><td width="136"><p> </p></td></tr><tr><td width="142"><p>15h</p></td><td width="138"><p>Domingo Total</p></td><td width="152"><p>Gravado</p></td><td width="136"><p> </p></td></tr><tr><td width="142"><p>18h</p></td><td width="138"><p>Cultura Amiga da Noite</p></td><td width="152"><p>Gravado</p></td><td width="136"><p> </p></td></tr><tr><td width="142"><p>22h</p></td><td width="138"><p>Saudade, Teu Nome é Música</p></td><td width="152"><p>Gravado</p></td><td width="136"><p> </p></td></tr><tr><td width="142"><p>0h</p></td><td width="138"><p>Madrugada na Cultura</p></td><td width="152"><p>Gravado</p></td><td width="136"><p> </p></td></tr></tbody></table></div>
				</div>
								</div>
				</div>
				</div>
					</div>
				</div>
									</div>
			</div>
					</div>

<p>SEGUNDA À SEXTA Horário Programa Apresentador       5h Bom Dia Sertão Vanduir de Souza 7h Giro Pelos Blogs Marcello Patriota 8h Grande Manhã Edivanice Gonçalves 11h Jornal a Cultura Marcos Lima e Edivanice Patriota 12h30 Horário reservado para entrevistas e terceirizados A cada dia um programa diferente 13h30 Tarde na Cultura Henrique Villar [&hellip;]</p>
